and r.
10
Suppose -l + 70 = -0*p - 5*p, -4*p - 152 = -2*l. What is the greatest common factor of 20 and l?
20
Let q be 4/2 + -1 - -4. Let h = 23 - q. What is the greatest common factor of 90 and h?
18
Suppose -56 = -4*a + 28. Suppose 4*x = -3*t + 7*t - 28, -4*t + 31 = -x. Let k = t + -5. What is the greatest common divisor of a and k?
3
Let i(x) = -x + 1. Let t be i(-10). Let z be 3/(-6)*(0 - 0). Suppose -5*f + 116 + 159 = z. Calculate the highest common factor of f and t.
11
Let n be (15/(-6))/(-5)*2. Let d = 3 + n. Suppose 0 = d*l + 2*y - 166, -y - 24 = -l + 13. What is the highest common factor of 4 and l?
4
Suppose -7*m = -18*m + 66. Calculate the greatest common divisor of 132 and m.
6
Let q = 120 + 89. What is the highest common factor of 19 and q?
19
Suppose 4*v + 15 = 39. Calculate the highest common divisor of 66 and v.
6
Let b be 13/((-26)/(-192)) + -1. What is the greatest common factor of b and 57?
19
Let t(g) = 9*g**2 - g - 1. Let r be t(-1). Suppose 5*v + 6 = -4*b + 33, -v = -3*b + 6. Calculate the highest common factor of r and b.
3
Let g be (-1)/(-3) - 70/(-6). Let m be (g/15)/(2/20). What is the highest common divisor of m and 4?
4
Let p be (-108)/(-6)*(-1)/(-2). What is the greatest common factor of 6 and p?
3
Let y be (-6)/(-4) - (-178)/4. Suppose 0 = 4*p - y - 110. Calculate the greatest common divisor of 13 and p.
13
Let w(u) = -52*u**3 - u**2 + 1. Let d be w(-1). Suppose 2*y + 0*y = i + 226, -476 = -4*y - 4*i. Let r = y - d. What is the highest common divisor of 9 and r?
9
Let v be 0 + 1 - (-1 - (5 + 2)). Let n be (8/(-6))/4*-15. Suppose 4*w = -3*l + 9, -l - 3 = w - n. What is the highest common factor of w and v?
3
Let a(b) = 2*b - 3. Let g be 2*2/4*4. Let t be a(g). What is the greatest common divisor of 45 and t?
5
Suppose 5*u - 32 + 12 = 0. Suppose 2*r - 4 = 2*c, 3*r = -u*c - r + 16. Let s be (-3)/(c + -4)*3. What is the greatest common divisor of s and 24?
3
Suppose -3*i - i = -108. Calculate the highest common factor of 3 and i.
3
Suppose -21 - 15 = 4*z. Let f be (-4)/(24/z)*8. Calculate the greatest common factor of 48 and f.
12
Suppose i = -4*i + 70. Let a(y) = y**3 + 8*y**2 + 2*y - 7. Let r be a(-7). What is the highest common factor of i and r?
14
Suppose -4*b + v = -69, 3*b - 4*v - 4 = 4*b. Let g = 30 + 46. Let j = 36 + g. Calculate the highest common divisor of b and j.
16
Suppose -3*i = -6*i. Suppose q = -i*q. Suppose q = -4*n + 30 + 2. Calculate the greatest common factor of 12 and n.
4
Suppose 4*l = -l + 520. Let o = l - 24. Calculate the highest common factor of o and 16.
16
Let o = -17 + 25. Calculate the highest common divisor of o and 2.
2
Suppose -23*h = -21*h - 288. What is the highest common factor of h and 36?
36
Let a = 24 - 21. Suppose -a*p = -6*p + 24. Calculate the greatest common factor of p and 64.
8
Let p = 43 + 29. Suppose 3*m = -2*m + 40. What is the greatest common factor of p and m?
8
Suppose -3*n = 5*v - 136, 3*v = -4*n - 2*v + 173. Calculate the greatest common divisor of 37 and n.
37
Suppose 4 = b - 2. Let i(k) = 2*k - 6. Let s be i(5). Suppose -4*w + 5*w = -2*c + 4, -s*w + 16 = 4*c. What is the greatest common divisor of b and w?
2
Suppose -4*f - 32 = 3*v, 2*v + 8 + 10 = -2*f. Let i be 24*(v/8)/(-1). What is the greatest common factor of i and 18?
6
Let y(w) = w**2 + 5*w - 12. Let a be y(-12). Calculate the greatest common divisor of a and 8.
8
Let f be 93/(-18) - -5 - (-109)/6. Calculate the highest common divisor of f and 18.
18
Let p = -75 + 89. Calculate the highest common divisor of 77 and p.
7
Let k = 56 + -4. What is the highest common factor of k and 13?
13
Let s(q) = -2*q + 70. Let m be s(33). Let w(d) = -d + 6. Let j be w(-6). Calculate the greatest common factor of m and j.
4
Suppose -6*j + 47 + 1 = 0. Calculate the greatest common divisor of j and 128.
8
Let f be 4/32*4*-2*-4. What is the greatest common factor of 12 and f?
4
Let d be ((-18)/15)/(6/(-20)). Let f be (-6)/4*(-240)/18. What is the greatest common divisor of d and f?
4
Suppose 3*u - 77 - 55 = 0. Suppose 0*z + z = 11. Calculate the highest common factor of z and u.
11
Suppose -23*i = -19*i - 80. What is the highest common factor of i and 140?
20
Let a = 118 + -35. Let r = -22 + a. Suppose 5*k - r = w, -4*w = 2*k - w - 38. Calculate the greatest common factor of 52 and k.
13
Suppose 0 = 2*r - 10 - 12. What is the highest common divisor of r and 44?
11
Suppose 2*w + 3*y = 153, 0 = -5*y - 13 - 12. Calculate the highest common factor of 12 and w.
12
Let x(c) = c**2 - c + 4. Let d be x(0). Suppose p - w - 32 = 0, 4*p - w - d*w - 132 = 0. What is the highest common divisor of p and 4?
4
Suppose -2*g + 2*h = -8, -2*g + 4 = -3*h - 8. Suppose g*a = -a + 24. Let j be (-4)/(-14) - (-19)/7. Calculate the highest common factor of a and j.
3
Let g = -383 - -626. What is the highest common factor of 27 and g?
27
Let f be 6/((-3)/1 + 85/25). What is the highest common divisor of f and 3?
3
Suppose -20 = -2*k + 4. Let t be 30/9 + (-29)/87. Calculate the greatest common factor of t and k.
3
Suppose -i + 4*i = -2*f + 29, -2*i + f + 10 = 0. Let q(s) = -2*s + 16*s + 3 - 1 + 0*s. Let w be q(i). Calculate the greatest common factor of 20 and w.
20
Let w(z) = 2*z - 8. Let g be w(6). Calculate the highest common divisor of g and 28.
4
Let b = -26 + 40. Let m be 1/(-3) - 932/(-6). Suppose 0 = -5*j - 4*p + 618, -208 - m = -3*j - 5*p. Calculate the highest common divisor of b and j.
14
Suppose -2*l = -33 - 27. Suppose l = -0*b + 3*b. Suppose -i + 2 = -b. What is the greatest common divisor of i and 48?
12
Suppose 3*z - 515 = -179. What is the highest common divisor of 16 and z?
16
Suppose 2*c = -4*v + 240, -3*c - v = -4*v - 360. Let i be (2 - 0)*(2 - -5). Let z be (-2 - -1) + i + 2. Calculate the greatest common divisor of z and c.
15
Suppose -5*t = 4*b - 158, -t = b - 0*b - 40. Let r(g) = g**3 + 3*g**2 - 7*g - 6. Let v be r(-4). What is the highest common factor of v and b?
6
Suppose j = 5*j - 3*u - 112, 0 = 2*j + 3*u - 56. Let t = j - 12. Let d = 3 + t. Calculate the highest common factor of d and 95.
19
Suppose 0 - 40 = -y. Suppose c = -c + y. What is the greatest common divisor of c and 20?
20
Suppose 2*i - 61 = -17. Suppose -2*v + 3*d + 26 = 4*d, 0 = -2*v + 3*d + 10. Calculate the highest common divisor of v and i.
11
Let r = 47 + -28. Suppose 3*h - r = 2. What is the highest common factor of 21 and h?
7
Let m(w) = -5*w. Let f be m(-3). Let x = 22 - f. What is the greatest common factor of x and 35?
7
Suppose 0 = 3*w - 39 - 30. Suppose -f + 1012 = 3*f. Calculate the highest common divisor of w and f.
23
Suppose -5*p + 630 = -0*p. Suppose 14 = 2*w - p. Calculate the greatest common factor of w and 14.
14
Let u = -36 + 26. Let x = u - -32. Let i(g) = -g**2 + g + 55. Let c be i(0). Calculate the greatest common factor of c and x.
11
Let s = -11 - -23. Calculate the greatest common divisor of s and 48.
12
Suppose -2*b - 3*b + 90 = 0. Calculate the greatest common factor of b and 144.
18
Let c(z) = -z**3 - 14*z**2 + 13*z - 15. Let v be c(-15). Calculate the greatest common factor of 5 and v.
5
Suppose 2*b - 4*g + 1 = -1, -5*g + 61 = 4*b. Calculate the highest common factor of b and 18.
9
Let v(c) = 8*c - 4. Let p be v(3). Calculate the greatest common divisor of p and 8.
4
Let i be 2/3*(-42)/4. Let z be (0 + -1)*(8 + i). Let a be 11 - z/2*-4. Calculate the greatest common divisor of 9 and a.
9
Suppose z = 4*z + 39. Let f = -6 - z. What is the greatest common divisor of f and 35?
7
Let w(t) = t. Let c be w(-11). Let k = c + 19. What is the highest common factor of k and 32?
8
Let t be (-2)/4 - (-86)/4. Calculate the greatest common factor of t and 7.
7
Let b be -3 + ((-390)/3)/(-2). Let k = b - 42. What is the highest common divisor of k and 80?
20
Let v(x) = -x + 7. Let f be v(5). Let k(p) = -p**3 - 12*p**2 - 16*p - 13. Let r be k(-11). Suppose 6*m - r = 54. What is the greatest common divisor of m and f?
2
Let i be ((-3)/6)/(4/(-88)). Let d = 22 + -11. What is the highest common factor of d and i?
11
Suppose -14*o + 13*o + 26 = 0. What is the highest common divisor of o and 182?
26
Let b be 40*((-42)/(-8))/7. What is the greatest common factor of b and 18?
6
Let o be -4*2*1/(-4). Let j be o/1 - 11*1. Let n = -3 - j. Calculate the gr